{"id":8601,"date":"2022-02-02T01:04:42","date_gmt":"2022-02-01T22:04:42","guid":{"rendered":"https:\/\/tasteofbucharest.ro\/?page_id=8601"},"modified":"2022-02-17T01:49:43","modified_gmt":"2022-02-16T22:49:43","slug":"after-work","status":"publish","type":"page","link":"https:\/\/tasteofbucharest.ro\/ro\/after-work\/","title":{"rendered":"After Work"},"content":{"rendered":"\n<pre id=\"tw-target-rmn\" class=\"wp-block-preformatted\"><\/pre>\n\n\n\n<pre id=\"tw-target-text\" class=\"wp-block-preformatted\">\nAvem tot ce v\u0103 trebuie pentru a ajunge la un alt nivel! Acum sunte\u021bi \u00een locul perfect pentru a l\u0103sa \u00een urm\u0103 stresul unei zile de munc\u0103, astfel \u00eenc\u00e2t s\u0103 v\u0103 pute\u021bi l\u0103sa jacheta pe sp\u0103tarul scaunului \u0219i s\u0103 \u00eencepe\u021bi s\u0103 v\u0103 distra\u021bi.\n\n<\/pre>\n\n\n\n<pre id=\"tw-target-rmn\" class=\"wp-block-preformatted\"><\/pre>\n","protected":false},"excerpt":{"rendered":"<p>Avem tot ce v\u0103 trebuie pentru a ajunge la un alt nivel! Acum sunte\u021bi \u00een locul perfect pentru a l\u0103sa \u00een urm\u0103 stresul unei zile de munc\u0103, astfel \u00eenc\u00e2t s\u0103 v\u0103 pute\u021bi l\u0103sa jacheta pe sp\u0103tarul scaunului \u0219i s\u0103 \u00eencepe\u021bi s\u0103 v\u0103 distra\u021bi.<\/p>\n","protected":false},"author":1,"featured_media":0,"parent":0,"menu_order":0,"comment_status":"closed","ping_status":"closed","template":"","meta":{"_acf_changed":false,"footnotes":""},"class_list":["post-8601","page","type-page","status-publish","hentry"],"acf":[],"yoast_head":"<!-- This site is optimized with the Yoast SEO plugin v27.3 - https:\/\/yoast.com\/product\/yoast-seo-wordpress\/ -->\n<title>After Work - Taste of Bucharest<\/title>\n<meta name=\"robots\" content=\"index, follow, max-snippet:-1, max-image-preview:large, max-video-preview:-1\" \/>\n<link rel=\"canonical\" href=\"https:\/\/tasteofbucharest.ro\/ro\/after-work\/\" \/>\n<meta property=\"og:locale\" content=\"ro_RO\" \/>\n<meta property=\"og:type\" content=\"article\" \/>\n<meta property=\"og:title\" content=\"After Work - Taste of Bucharest\" \/>\n<meta property=\"og:description\" content=\"Avem tot ce v\u0103 trebuie pentru a ajunge la un alt nivel! Acum sunte\u021bi \u00een locul perfect pentru a l\u0103sa \u00een urm\u0103 stresul unei zile de munc\u0103, astfel \u00eenc\u00e2t s\u0103 v\u0103 pute\u021bi l\u0103sa jacheta pe sp\u0103tarul scaunului \u0219i s\u0103 \u00eencepe\u021bi s\u0103 v\u0103 distra\u021bi.\" \/>\n<meta property=\"og:url\" content=\"https:\/\/tasteofbucharest.ro\/ro\/after-work\/\" \/>\n<meta property=\"og:site_name\" content=\"Taste of Bucharest\" \/>\n<meta property=\"article:publisher\" content=\"https:\/\/www.facebook.com\/Radisson-Blu-HotelBucharest-289412863912\/\" \/>\n<meta property=\"article:modified_time\" content=\"2022-02-16T22:49:43+00:00\" \/>\n<meta name=\"twitter:card\" content=\"summary_large_image\" \/>\n<meta name=\"twitter:label1\" content=\"Timp estimat pentru citire\" \/>\n\t<meta name=\"twitter:data1\" content=\"1 minut\" \/>\n<script type=\"application\/ld+json\" class=\"yoast-schema-graph\">{\"@context\":\"https:\\\/\\\/schema.org\",\"@graph\":[{\"@type\":\"WebPage\",\"@id\":\"https:\\\/\\\/tasteofbucharest.ro\\\/ro\\\/after-work\\\/\",\"url\":\"https:\\\/\\\/tasteofbucharest.ro\\\/ro\\\/after-work\\\/\",\"name\":\"After Work - Taste of Bucharest\",\"isPartOf\":{\"@id\":\"https:\\\/\\\/tasteofbucharest.ro\\\/ro\\\/#website\"},\"datePublished\":\"2022-02-01T22:04:42+00:00\",\"dateModified\":\"2022-02-16T22:49:43+00:00\",\"inLanguage\":\"ro-RO\",\"potentialAction\":[{\"@type\":\"ReadAction\",\"target\":[\"https:\\\/\\\/tasteofbucharest.ro\\\/ro\\\/after-work\\\/\"]}]},{\"@type\":\"WebSite\",\"@id\":\"https:\\\/\\\/tasteofbucharest.ro\\\/ro\\\/#website\",\"url\":\"https:\\\/\\\/tasteofbucharest.ro\\\/ro\\\/\",\"name\":\"Taste of Bucharest\",\"description\":\"\",\"potentialAction\":[{\"@type\":\"SearchAction\",\"target\":{\"@type\":\"EntryPoint\",\"urlTemplate\":\"https:\\\/\\\/tasteofbucharest.ro\\\/ro\\\/?s={search_term_string}\"},\"query-input\":{\"@type\":\"PropertyValueSpecification\",\"valueRequired\":true,\"valueName\":\"search_term_string\"}}],\"inLanguage\":\"ro-RO\"}]}<\/script>\n<!-- \/ Yoast SEO plugin. -->","yoast_head_json":{"title":"After Work - Taste of Bucharest","robots":{"index":"index","follow":"follow","max-snippet":"max-snippet:-1","max-image-preview":"max-image-preview:large","max-video-preview":"max-video-preview:-1"},"canonical":"https:\/\/tasteofbucharest.ro\/ro\/after-work\/","og_locale":"ro_RO","og_type":"article","og_title":"After Work - Taste of Bucharest","og_description":"Avem tot ce v\u0103 trebuie pentru a ajunge la un alt nivel! Acum sunte\u021bi \u00een locul perfect pentru a l\u0103sa \u00een urm\u0103 stresul unei zile de munc\u0103, astfel \u00eenc\u00e2t s\u0103 v\u0103 pute\u021bi l\u0103sa jacheta pe sp\u0103tarul scaunului \u0219i s\u0103 \u00eencepe\u021bi s\u0103 v\u0103 distra\u021bi.","og_url":"https:\/\/tasteofbucharest.ro\/ro\/after-work\/","og_site_name":"Taste of Bucharest","article_publisher":"https:\/\/www.facebook.com\/Radisson-Blu-HotelBucharest-289412863912\/","article_modified_time":"2022-02-16T22:49:43+00:00","twitter_card":"summary_large_image","twitter_misc":{"Timp estimat pentru citire":"1 minut"},"schema":{"@context":"https:\/\/schema.org","@graph":[{"@type":"WebPage","@id":"https:\/\/tasteofbucharest.ro\/ro\/after-work\/","url":"https:\/\/tasteofbucharest.ro\/ro\/after-work\/","name":"After Work - Taste of Bucharest","isPartOf":{"@id":"https:\/\/tasteofbucharest.ro\/ro\/#website"},"datePublished":"2022-02-01T22:04:42+00:00","dateModified":"2022-02-16T22:49:43+00:00","inLanguage":"ro-RO","potentialAction":[{"@type":"ReadAction","target":["https:\/\/tasteofbucharest.ro\/ro\/after-work\/"]}]},{"@type":"WebSite","@id":"https:\/\/tasteofbucharest.ro\/ro\/#website","url":"https:\/\/tasteofbucharest.ro\/ro\/","name":"Taste of Bucharest","description":"","potentialAction":[{"@type":"SearchAction","target":{"@type":"EntryPoint","urlTemplate":"https:\/\/tasteofbucharest.ro\/ro\/?s={search_term_string}"},"query-input":{"@type":"PropertyValueSpecification","valueRequired":true,"valueName":"search_term_string"}}],"inLanguage":"ro-RO"}]}},"_links":{"self":[{"href":"https:\/\/tasteofbucharest.ro\/ro\/wp-json\/wp\/v2\/pages\/8601","targetHints":{"allow":["GET"]}}],"collection":[{"href":"https:\/\/tasteofbucharest.ro\/ro\/wp-json\/wp\/v2\/pages"}],"about":[{"href":"https:\/\/tasteofbucharest.ro\/ro\/wp-json\/wp\/v2\/types\/page"}],"author":[{"embeddable":true,"href":"https:\/\/tasteofbucharest.ro\/ro\/wp-json\/wp\/v2\/users\/1"}],"replies":[{"embeddable":true,"href":"https:\/\/tasteofbucharest.ro\/ro\/wp-json\/wp\/v2\/comments?post=8601"}],"version-history":[{"count":9,"href":"https:\/\/tasteofbucharest.ro\/ro\/wp-json\/wp\/v2\/pages\/8601\/revisions"}],"predecessor-version":[{"id":8742,"href":"https:\/\/tasteofbucharest.ro\/ro\/wp-json\/wp\/v2\/pages\/8601\/revisions\/8742"}],"wp:attachment":[{"href":"https:\/\/tasteofbucharest.ro\/ro\/wp-json\/wp\/v2\/media?parent=8601"}],"curies":[{"name":"wp","href":"https:\/\/api.w.org\/{rel}","templated":true}]}}

<pre id="tw-target-rmn" class="wp-block-preformatted"></pre>



<pre id="tw-target-text" class="wp-block-preformatted">
Avem tot ce vă trebuie pentru a ajunge la un alt nivel! Acum sunteți în locul perfect pentru a lăsa în urmă stresul unei zile de muncă, astfel încât să vă puteți lăsa jacheta pe spătarul scaunului și să începeți să vă distrați.

</pre>



<pre id="tw-target-rmn" class="wp-block-preformatted"></pre>

<p>Avem tot ce vă trebuie pentru a ajunge la un alt nivel! Acum sunteți în locul perfect pentru a lăsa în urmă stresul unei zile de muncă, astfel încât să vă puteți lăsa jacheta pe spătarul scaunului și să începeți să vă distrați.</p>

<!-- This site is optimized with the Yoast SEO plugin v27.3 - https://yoast.com/product/yoast-seo-wordpress/ -->
<title>After Work - Taste of Bucharest</title>
<meta name="robots" content="index, follow, max-snippet:-1, max-image-preview:large, max-video-preview:-1" />
<link rel="canonical" href="https://tasteofbucharest.ro/ro/after-work/" />
<meta property="og:locale" content="ro_RO" />
<meta property="og:type" content="article" />
<meta property="og:title" content="After Work - Taste of Bucharest" />
<meta property="og:description" content="Avem tot ce vă trebuie pentru a ajunge la un alt nivel! Acum sunteți în locul perfect pentru a lăsa în urmă stresul unei zile de muncă, astfel încât să vă puteți lăsa jacheta pe spătarul scaunului și să începeți să vă distrați." />
<meta property="og:url" content="https://tasteofbucharest.ro/ro/after-work/" />
<meta property="og:site_name" content="Taste of Bucharest" />
<meta property="article:publisher" content="https://www.facebook.com/Radisson-Blu-HotelBucharest-289412863912/" />
<meta property="article:modified_time" content="2022-02-16T22:49:43+00:00" />
<meta name="twitter:card" content="summary_large_image" />
<meta name="twitter:label1" content="Timp estimat pentru citire" />
	<meta name="twitter:data1" content="1 minut" />
<script type="application/ld+json" class="yoast-schema-graph">{"@context":"https:\/\/schema.org","@graph":[{"@type":"WebPage","@id":"https:\/\/tasteofbucharest.ro\/ro\/after-work\/","url":"https:\/\/tasteofbucharest.ro\/ro\/after-work\/","name":"After Work - Taste of Bucharest","isPartOf":{"@id":"https:\/\/tasteofbucharest.ro\/ro\/#website"},"datePublished":"2022-02-01T22:04:42+00:00","dateModified":"2022-02-16T22:49:43+00:00","inLanguage":"ro-RO","potentialAction":[{"@type":"ReadAction","target":["https:\/\/tasteofbucharest.ro\/ro\/after-work\/"]}]},{"@type":"WebSite","@id":"https:\/\/tasteofbucharest.ro\/ro\/#website","url":"https:\/\/tasteofbucharest.ro\/ro\/","name":"Taste of Bucharest","description":"","potentialAction":[{"@type":"SearchAction","target":{"@type":"EntryPoint","urlTemplate":"https:\/\/tasteofbucharest.ro\/ro\/?s={search_term_string}"},"query-input":{"@type":"PropertyValueSpecification","valueRequired":true,"valueName":"search_term_string"}}],"inLanguage":"ro-RO"}]}</script>
<!-- / Yoast SEO plugin. -->

Avem tot ce vă trebuie pentru a ajunge la un alt nivel! Acum sunteți în locul perfect pentru a lăsa în urmă stresul unei zile de muncă, astfel încât să vă puteți lăsa jacheta pe spătarul scaunului și să începeți să vă distrați.
